lse
Suppose -4*g - 29 = -3*m, 4 = -2*m - 2*g - 0*g. Suppose -28*w - 523 = -4*y - 23*w, 3*y = -m*w + 399. Is y a multiple of 22?
True
Suppose -f + 1355*w = 1356*w - 2185, 0 = 2*f - 5*w - 4321. Is 38 a factor of f?
False
Let t be 621/(-57) - 10/95. Does 8 divide ((-9)/(-12)*t)/(1/(-4))?
False
Suppose 46*m + 46 - 138 = 0. Let w(p) = -190*p**2 + 14*p + 1. Let t(f) = -38*f**2 + 3*f. Let b(z) = -11*t(z) + 2*w(z). Is b(m) a multiple of 36?
True
Suppose 2*w - 26*s - 58 = -27*s, 5*w + 5*s - 140 = 0. Suppose -340 = w*o - 2650. Is o a multiple of 7?
True
Let n(c) = -20*c**2 - 9*c + 12. Let l(k) = k**3 - 79*k**2 - 36*k + 48. Let f(i) = 2*l(i) - 9*n(i). Suppose -116*s - 2*s - 1190 = s. Does 14 divide f(s)?
True
Let z = -15688 - -42936. Does 104 divide z?
True
Let t be (9 + -6)/((-3)/(-2)) + 2. Suppose j = -3*c + 95, -2*j = -t*c + 2*j + 100. Let b = c + -6. Does 8 divide b?
True
Suppose -2674*d = -2701*d + 65070. Is d a multiple of 34?
False
Let i = 497 - 490. Let q(o) = 37*o + 125. Is q(i) a multiple of 16?
True
Suppose g - 5*f = 4227, -2*g = 3*g + 4*f - 21048. Does 12 divide g?
True
Let s be (-2)/15 + (-22372)/510. Let n = 91 - s. Is 20 a factor of n?
False
Suppose 6*p - 1200 = -1290. Let o(y) = y**2 + 12*y - 18. Is o(p) a multiple of 15?
False
Suppose 2*c - 45*q = -50*q + 132537, 5*c - 4*q - 331359 = 0. Is c a multiple of 69?
False
Suppose 4*y = 45 + 11. Suppose 6*k + y - 44 = 0. Suppose k*u + 0*u = 1240. Is 31 a factor of u?
True
Let o(f) = 4*f**2 + 8*f + 20. Let h be o(-12). Let w = h + 82. Is 97 a factor of w?
True
Let r = -5 + 232. Suppose -r - 323 = 5*a. Is (1/(5/(-4)))/(1/a) a multiple of 11?
True
Let d(v) = 6*v**2 - 2*v - 8. Let b(c) = c**3 - 22*c**2 + 4. Let k be b(22). Let p be d(k). Let y = p + -67. Is y even?
False
Let a = -164 - -833. Let z = -84 + a. Is z a multiple of 7?
False
Suppose 0 = -d + 5*u + 14014, -5*d - 84*u + 69955 = -86*u. Does 10 divide d?
False
Suppose 5*m - 2255 = 5*y, 3*m + 2*y = 705 + 633. Suppose -4*f - 149 - 67 = -2*c, -4*c + 4*f = -m. Is 29 a factor of c?
True
Let f = 65 - 86. Let y be 1/1 - (-5 + f/(-3)). Is 11 a factor of 4 + y - (-1 + -74)?
False
Suppose -g - 21*g = -2376. Is g*2/((-12)/(-9)) a multiple of 9?
True
Suppose 3*p + 3462 + 5487 = -3*x, 0 = x + 4*p + 2995. Is 59 a factor of (2/3)/(11910/x + 4)?
False
Let v(w) = 5399*w + 281. Is v(1) a multiple of 40?
True
Suppose 222229 = 64*l - 553387. Is l a multiple of 25?
False
Let j = -412 + 8761. Is j a multiple of 186?
False
Let a = -26191 - -42027. Does 224 divide a?
False
Let w be (-4)/12 + 102/(-18). Suppose -280 = 5*h + m, -168 = -2*h + 5*h + 5*m. Let i = w - h. Is i a multiple of 14?
False
Suppose -4*r + 118 = 2*q, 0 = q + 2*q - 3*r - 204. Suppose p = -2*p - b - 43, -q = 5*p + 5*b. Is (-1632)/p - 12/(-60) a multiple of 41?
False
Suppose -162*y = 68*y - 1438586 - 1874334. Is y a multiple of 54?
False
Let t(w) = -2*w**3 + 21*w**2 - w + 37. Suppose -44 + 14 = -5*r. Let f(j) = -j**3 + 10*j**2 - j + 18. Let h(x) = r*t(x) - 13*f(x). Is 5 a factor of h(4)?
False
Suppose -2*m + 9 = -3. Let p(i) = -12*i - 2*i**2 + 5*i**2 + 8 + m*i. Does 34 divide p(8)?
False
Suppose -13*f + 18*f - 3*v - 3616 = 0, -4*f + 2912 = 4*v. Let m = f + -549. Does 86 divide m?
False
Let j be (-11158)/(-12) + 41/246. Suppose 3*p + 300 = j. Is 6 a factor of p?
True
Suppose 5*k - f = f + 10530, 2*k - 4206 = 2*f. Suppose -2*z + 11*r - k = 7*r, 3*z = 5*r - 3164. Is 16 a factor of z/(-6) - (-5)/(-15)?
True
Let t(j) = j**2 - 24*j - 126. Let h be t(28). Is 8 a factor of 16872/84 + 12/h?
True
Suppose k = -f - k + 71, 5*f = -4*k + 367. Let r be (-1 - 2)*1000/f. Is (0 - -23)*(r/2)/(-5) a multiple of 23?
True
Let l(b) = -36*b**3 - 20*b**2 + 27*b + 204. Is l(-7) a multiple of 142?
False
Let v = -518 - -5318. Does 48 divide v?
True
Let g = -24579 + 40154. Is 10 a factor of g?
False
Suppose -m + 5 + 10 = -5*a, -3*a - 11 = -m. Let g = a + 57. Let o = g + -13. Does 21 divide o?
True
Let m(h) be the first derivative of h**4/4 - 29*h**3/3 + 16*h**2 - 14*h + 16. Is m(28) a multiple of 20?
False
Let y(u) = -73*u + 3010. Is 20 a factor of y(-50)?
True
Suppose 9545 = 11*p + 33*p - 77575. Is 3 a factor of p?
True
Let r = -5063 - -7328. Is r even?
False
Suppose -9*x + 463 = 67. Suppose -39*a - 525 = -x*a. Is 4 a factor of a?
False
Suppose 7*f = 34*f - 54. Let y(g) = 231*g**2 - g + 2. Is y(f) a multiple of 14?
True
Let z be 2/(-9) - 353/(-9). Let c(t) = 3*t - 4*t - 33 + z. Does 2 divide c(-4)?
True
Let r(v) = 11998*v**2 + 3*v + 1. Let o be r(1). Suppose 13*x - 2298 - o = 0. Is x a multiple of 11?
True
Suppose -36 = -4*v + 7*v. Is -1 + (-4)/v + (-14890)/(-15) a multiple of 62?
True
Let l = 46 + 143. Let y = 33 + l. Does 74 divide y?
True
Let a = 76 - 54. Let t be ((-4)/(-12) - a/(-6)) + 1. Does 2 divide (26/t)/((-2)/(-5))?
False
Let g be (-3 - -1300) + 10/(-2). Suppose 4*w + 6*f = 3*f + g, -323 = -w - 3*f. Is 15 a factor of w?
False
Let h(x) be the second derivative of x**5/10 + x**4/6 - 5*x**3/6 - 3*x**2 - x - 18. Is h(4) a multiple of 11?
False
Suppose 323*f - 84*f - 6707535 = 0. Is f a multiple of 21?
False
Let b = -1062 + 1844. Suppose -5*x = a - b, 3*a + 4*x - 778 = 2*a. Does 11 divide a?
False
Let h(b) = 7*b - 4 - 2*b**2 + 6*b**2 - b**2. Let t be h(-3). Suppose 115 = t*s + 17. Does 24 divide s?
False
Suppose -3*n + 3840 = 5*j, 4*n + j - 3941 - 1213 = 0. Is 10 a factor of n?
True
Let d(h) = 20*h**3 + 7*h**2 - 37*h + 368. Does 10 divide d(8)?
True
Let r(l) = -l**2 - 19*l - 111. Let f be r(-10). Does 25 divide ((-259)/f)/(7/147)?
False
Suppose 5*c - 21 = -1, 2*b = -3*c + 16402. Does 149 divide b?
True
Let d(m) = 1369*m + 1903. Is d(13) a multiple of 100?
True
Suppose 9*s - 3043 = 2969. Let y = s + -287. Is 13 a factor of y?
False
Let n = -9015 - -16568. Suppose n = 14*k - 8561. Is 13 a factor of k?
False
Let y be 5/(-10) + 175/(-2). Let c = y + 89. Suppose 0 = 4*q + 5*a - 68, 55 = 2*q - 3*a - c. Is q a multiple of 11?
True
Let n(t) = -t**3 + t - 1. Let a be n(0). Let k be (-95 - -92)/((-3)/(-1)). Does 15 divide (-1628)/(-22) + a/k?
True
Suppose -2395 = -y + 2923. Does 19 divide y?
False
Let u = 84 - -20. Suppose u = 2*w - x, -x = -2*w - w + 157. Does 4 divide w?
False
Let f = 1841 - 3006. Let u = -302 - f. Does 8 divide u?
False
Is 243/18 + -14 + (6876/8 - 1) a multiple of 18?
False
Suppose 0 = -19*a + 1002 + 233. Does 26 divide a?
False
Let g(o) = o**3 - 11*o**2 + 2*o - 28. Let d be g(11). Let l(a) be the second derivative of -13*a**3/6 - 3*a**2 + 8*a. Does 12 divide l(d)?
True
Let v(m) = -32 - 2*m + 8 - 10. Let u be v(-20). Is 6 a factor of 104/u - (8/6 + -2)?
True
Suppose 0 = -6*g + 10*g + 288. Let p = g + 74. Suppose p*k = -k + 441. Does 32 divide k?
False
Suppose -4*k + 2*r + 334 = -64, 2*k - 208 = -2*r. Suppose 0 = 9*v - 259 - k. Does 6 divide v?
False
Suppose v = x + 3886, -x + 15509 = -99*v + 103*v. Does 9 divide v?
True
Let z(d) = 5*d**2 - 7*d - 3. Let k(p) be the third derivative of p**4/12 + 7*p**3/6 - 32*p**2. Let w be k(-5). Is 3 a factor of z(w)?
True
Let j(s) = 2*s**3 + 17*s**2 - s - 18. Let t be j(-8). Let u = t - 51. Suppose u*y = 5*w + 201, -2*y + 129 = -5*w - 0*w. Does 12 divide y?
True
Suppose -7*v + 0 = 28. Let l be v*(-3)/6*2. Is 0 - (l + (-112 - 4)) a multiple of 28?
True
Suppose -17294 - 104546 = -22*u + 88304. Is 6 a factor of u?
True
Let z(i) = 9*i**2 + 559*i - 36. Is 32 a factor of z(12)?
True
Suppose -40*r + 9 = -43*r. Let n be 4 - (-4)/(-12)*r. Does 12 divide 0/n - 7/(-2)*4?
False
Let a(d) be the third derivative of -d**6/120 - 7*d**5/60 + d**4/24 - 32*d**3/3 + 223*d**2. Is 55 a factor of a(-9)?
False
Suppose 19*j = -3129 - 2020. Let p = j + 500. Is 15 a factor of p?
False
Suppose 3*g = -h - 24, 2*h + 16 + 12 = -2*g. Is ((-120)/(-16) + h)*22*-3 a multiple of 9?
True
Let k = 12 + -23. Let r be ((-24)/9)/(11/(33/2)). Does 16 divide (-24 + 0)/(2 - k/r)?
True
Let y(r) = 30*r**2 - 4*r - 2. Let h be y(2). Suppose -5*z = -2*m - 424, -z - 24 = -m - h. Is z a multiple of 24?
False
Let o = 7741 - 6228. Is o a multiple of 18?
False
Let f(b) be the second derivative of 0 - 5/3*b**3 + 5/12*b**4 + 18*b + 3/2*b**2 + 1/20*b**5. Is f(-6) a multiple of 27?
True
Let s = 3667 - 2627. Does 260 divide s?
True
Suppose -24 = -4*c + 2*l, 5*c - 2*l = 9 + 19. Suppose -5*t = n + 109 - 1639, 0 = 2*t - c*n - 590. Doe